be -8*(14020/(-16) - 2) + 1. Suppose 0*n - 2*n - 3*d = -3509, 4*n + 3*d = m. Is n a prime number?
True
Let o(a) = 43*a**2 - 9 + 13*a**2 - 11*a**2. Let m(w) = -23*w**2 + 4. Let p(c) = -7*m(c) - 3*o(c). Is p(-1) prime?
False
Suppose 5*c + 1397 = -2*d + 6144, 4745 = 2*d + 3*c. Is d a prime number?
True
Is 4490 + (-5 - (-2 - 10)/6) a composite number?
True
Let a(x) = -910*x + 11. Let j = 144 + -147. Is a(j) composite?
False
Suppose -3508 = -7*r + 3*r. Is r composite?
False
Let q(z) = 55*z**2 + 2*z - 2. Let v = 30 + -33. Is q(v) composite?
False
Suppose 8 = -4*o, -2*o + 0*o = m - 12. Is ((-12)/m*-4 - 0) + 334 a prime number?
True
Suppose 4*i = g - 4, g - 3*i - 3 = -g. Let w = -4 + g. Is (-14)/21*114/w a composite number?
False
Let t(m) = 64*m**2 + 17*m - 11. Is t(4) composite?
True
Let d(h) = 29*h**2 + 90*h + 11. Is d(15) composite?
True
Let y(k) = 3*k**3 + 4*k**2 + 13*k + 1. Let g(c) = c**3 + c**2 + c. Let f(a) = -4*g(a) + y(a). Is f(-6) a prime number?
True
Is ((-84)/70)/((-3)/265) a prime number?
False
Let b(n) = -n**2 + 14*n + 17. Let h(p) = -p**2 + 15*p + 17. Let u(a) = -5*b(a) + 4*h(a). Let j = -88 + 102. Is u(j) a prime number?
False
Let m(d) = 22*d**3 - 8*d + 11. Is m(5) composite?
True
Let m(f) = 3*f**2 - 2. Let q be m(2). Suppose 2*p - 4*p = -q. Suppose -169 = -0*o - 2*o + 5*w, 3*o = -p*w + 216. Is o a prime number?
False
Let s(c) = c**3 - 5*c**2 - 2*c - 5. Let f be s(6). Let t = f - 18. Let r(j) = 570*j**3 + 2*j**2 - 1. Is r(t) a composite number?
False
Let d = 53 + -9. Suppose -17*f = -13*f - d. Is f a composite number?
False
Is 2/(-3)*(-270990)/20 composite?
True
Let c(s) = 46*s**2 - 5*s - 2. Is c(5) a composite number?
False
Suppose 3*t = z - 473, -z = t + t - 493. Suppose 0 = 40*s - 35*s - z. Is s composite?
False
Suppose 0 = 2*i + 4*m - 4942, -5*i = -0*m - m - 12322. Is ((-2)/(-7))/(2/(-14)) + i a composite number?
True
Let a be 311/(-2)*(-52)/(-13). Let v = 55 - a. Is v prime?
True
Let m(u) = 448*u**2 - 2*u - 1. Suppose -3*b = -4*p - 5, -b + p + 2*p = -5. Is m(b) composite?
False
Suppose -8*j + 18 = -6*j. Let v = -15 + j. Let k = v + 16. Is k a prime number?
False
Let u be (-4)/(-14) - 30/7. Let m(w) = -34*w - 1 + 14*w + 8*w. Is m(u) a prime number?
True
Suppose 6 = 5*p + 1. Let d be (-293)/(1/(p + -2)). Suppose 3*f + 2*f - d = -4*y, 4*f - 373 = -5*y. Is y a composite number?
True
Let c(f) = -f + 11. Let t be c(-11). Suppose t*d - 16*d - 636 = 0. Is d a composite number?
True
Let w(n) = 739*n**3 + n**2 - 2*n + 1. Let y be (-11)/(-9) + (-4)/18. Is w(y) a prime number?
True
Let i(f) = -f**3 - 5*f**2 - 4*f. Let u be i(-5). Suppose 3*d + u = d. Is -158*(3 + 45/d) a composite number?
True
Let d = -3 + 6. Suppose 10*v = d*v + 2009. Is v prime?
False
Suppose -5*s - 58960 = -5*j, 19*j - 20*j + 11790 = -2*s. Is j composite?
True
Suppose 0 = -5*s + 20 + 5. Let y be 12/9 + (-7)/21. Is y/(-2)*(-401 - s) composite?
True
Let w = 13 + 390. Is w composite?
True
Suppose a + 0*a = -8. Let h be (0/(a/(-4)))/(-1). Suppose 4585 = 5*q - h*q. Is q prime?
False
Let k(i) = -50*i - 6. Let y be k(-6). Let f be (-42)/(24/4)*2. Is (1 - y)*(-15 - f) a prime number?
True
Suppose -x + 145 = 5*v, -x - 4*x + 671 = -2*v. Suppose 5*g = 190 + x. Let j = g - -112. Is j a composite number?
True
Suppose 15*i + 5*j = 11*i + 36480, 2*j = 8. Is i composite?
True
Suppose -11*x - 5*t + 149550 = -6*x, 3*t + 89700 = 3*x. Is x a prime number?
False
Let c = 561 + -1222. Suppose 0 = -3*t + 1012 + 3200. Let f = t + c. Is f a composite number?
False
Suppose 4*l + 85481 = 5*g, -l + 28614 + 39754 = 4*g. Is g composite?
False
Let h = 66 - 62. Suppose 5*i + 2*p = 5753, p - 3850 = -h*i + 753. Is i a prime number?
True
Let g = 18164 + -8513. Is g a composite number?
True
Let b(w) = -1491*w - 4. Let o be b(-3). Suppose -5*u + n + o = -331, 3*n + 974 = u. Is u prime?
False
Suppose -22*q + 56 = -20*q. Let w(a) = -6*a. Let b be w(2). Is 1340/7 + b/q a composite number?
False
Let s(y) = -y**3 + 17*y**2 + 8*y - 59. Is s(17) a composite number?
True
Let r(g) = 2*g**3 - g**2 - 3*g + 3. Suppose 10*f - 7*f = 0. Suppose 4*o = n + 25, n + f*n = -3*o + 17. Is r(o) a composite number?
True
Let d = 25253 - -45056. Is d a composite number?
False
Let g(w) = 9*w**3 - w**2. Let k be g(1). Suppose 0 = 3*p - 20 + k. Is 95 - (-2 - p)/(-3) a composite number?
True
Let o = -878 - -1747. Is o a prime number?
False
Suppose 4*v = z - 2 + 18, -3*z - 4 = -v. Suppose 3*u - 3*g - 4206 = 0, -g = 5*u - v*g - 7000. Is u prime?
False
Let p = -1 + 7. Let s be p - (6/(-2) - -6). Suppose s*r = g + 1226, -4*r - 3*g + 392 = -3*r. Is r a composite number?
True
Suppose -5*c + 51 = 4*h - 3, -c - 5*h + 15 = 0. Is (44 - 0)/(c/5) prime?
False
Let p(i) = -i**3 + 9*i**2 + 11*i + 2. Let k be p(10). Let j = k - 10. Suppose -j*r = v - 11, -r - 32 = -3*v + 29. Is v prime?
True
Suppose 4*l - 276 = -1556. Let x = l + 486. Let m = x - 99. Is m a prime number?
True
Let x(f) = -7*f**2. Let n be x(-1). Let k(p) = -p - 7. Let j be k(n). Suppose -1639 = -5*u + 4*l, j = 2*l - 3*l + 4. Is u a prime number?
True
Suppose -8*z + 15 = -5*z. Suppose -2*j + 2352 = -z*h, -3*j + 4*h = 2*h - 3550. Suppose -4*u + 338 = -j. Is u a prime number?
False
Let s(o) = -3*o + 9. Let q be s(2). Is q + (1 - -1 - -1044) a composite number?
False
Is -1 + 1/(7/51940) prime?
False
Let z = -1519 - -2665. Suppose -8*h + 6*h = -z. Is h a prime number?
False
Suppose -2*p - 2 - 14 = 0. Let c(m) = m**3 + 7*m**2 - 8*m + 3. Let t be c(p). Is (928/(-24))/((-2)/t) composite?
True
Let b(v) = -119*v + 4. Let w be b(-2). Let n be (-10479)/(-91) - (-2)/(-13). Let m = w - n. Is m composite?
False
Let a(q) = 769*q - 12. Suppose 18 = 4*m - 2. Is a(m) a prime number?
True
Let w(x) = x**3 - 9*x**2 - 10*x + 11. Suppose c - 3*z + 66 = 4*c, -2*z - 58 = -4*c. Is w(c) a composite number?
False
Suppose -4*h + 357208 = o, 5*h + 13*o - 446531 = 17*o. Is h a prime number?
True
Let n = 25 + -21. Suppose -n*q = f - 6, 3*f + 1 = q - 7. Suppose q*z - 25 = 2*x + 207, -6 = -3*x. Is z a prime number?
False
Let u be ((-8)/10)/(2/(-1495)). Suppose -2*g = -0*g - u. Suppose 3*s = 1241 - g. Is s a prime number?
False
Suppose -6*d + 5*d - 2*f + 34239 = 0, -5*d - 2*f + 171163 = 0. Is d composite?
False
Suppose 5*v + 5*k - 42300 = -0*k, 25415 = 3*v - 4*k. Is v prime?
False
Let l = 107445 - 74618. Is l prime?
False
Let r = 3 + 0. Let c = 6 - r. Suppose c*n - 4*v - 704 - 99 = 0, 2*v = -4. Is n a prime number?
False
Let o be -3 + 52 + -3 + -1. Let r = o - -46. Suppose -2*x = -x - r. Is x a composite number?
True
Let r(m) = 371*m**2 + 14*m + 18. Is r(-5) a prime number?
False
Let s(n) = 26*n**2 + 28*n + 155. Is s(-24) a composite number?
True
Let a(f) be the third derivative of 13*f**5/6 - f**4/24 + 3*f**2. Suppose b = 1 - 2. Is a(b) composite?
False
Suppose -4*x + 5*v = 619, -v = -5*x + 4*v - 775. Let z be -4*(-9)/12 - -314. Let b = x + z. Is b a prime number?
False
Let r = 11400 + -4345. Suppose 4*a - h = 5104, 4*h + 1931 - r = -4*a. Is a prime?
True
Let h = 41 - 6. Let q = -63 + h. Let t = 77 + q. Is t a prime number?
False
Suppose -2*t = 4*z - 70306, 4*t - 177201 + 36571 = z. Is t a composite number?
True
Let k(i) = -10 - 18*i + 9 - 16. Suppose 4*q + 45 = -15. Is k(q) composite?
True
Let p = 15232 - 3225. Is p composite?
False
Suppose 0 = 5*t, -4*w - 23 + 3 = 4*t. Let k be 1/2*(1 - w). Suppose -m - k*u = -14 - 32, 5*u = 25. Is m a prime number?
True
Let g = 206921 - 101830. Is g a prime number?
False
Suppose -r = -2*j + 4, -j + 0*j = -r. Is (j - (-4105)/30) + (-2)/(-12) a prime number?
False
Let x be 640/36 + (-2)/(-9). Let j = x - 16. Suppose -4*v + 5*i + 1656 = 0, -3*i = -10 - j. Is v prime?
True
Let c(s) = -s**2 - 10*s - 5. Let j be c(-9). Suppose -2*y = z - 0*y - 545, -j*z + 4*y = -2156. Is z a composite number?
False
Suppose -3 = 3*g - 2*y, 4*g + y = -y - 18. Let r be 3/((-2)/(g + 1)). Suppose -83 = -s + 2*j - 5*j, -r*s = -3*j - 297. Is s a composite number?
True
Suppose 7*g = 12*g - 10. Suppose -3*d = -2*m - 3783, g*d + 2*m = -2*m + 2506. Is d composite?
False
Let a be (-15)/(-3)*(-1)/(-1). Suppose 40 = a*z - 0*z. Suppose -z*h = -10*h + 254. Is h a prime number?
True
Let b be 112/(-40) - 1/5. Let t = -2 - b. Suppose 8 = c + t. Is c a prime number?
True
Suppose -3*p - b - 1 = -16, 4*p - 20 = 2*b. Suppose p